(-7). Suppose -86 + f = 10*w. What are the prime factors of w?
2, 29
Let r = 12942 + -11956. What are the prime factors of r?
2, 17, 29
Let i(d) be the first derivative of -d**3/3 + 21*d**2/2 + 22*d - 191. Suppose -f = 3*r - 3 - 2, 4*f + 5*r - 55 = 0. What are the prime factors of i(f)?
2, 3, 7
Suppose 14 = t + 12. List the prime factors of ((-3)/t)/(144/(-21504)).
2, 7
Let q = 22119 - 9358. List the prime factors of q.
7, 1823
Suppose -5*b - 58 = -48, 5*b = -4*p + 257110. List the prime factors of p.
2, 5, 1607
Let w be (5/(30/4))/(628/6594). Let u(x) = -2*x + 1. Let q be u(-5). Suppose w*m - q*m = -20. List the prime factors of m.
5
Let n(w) = 5*w**3 - 2*w - 2. Let c(z) = -6*z**3 + 2*z + 3. Let q(u) = 4*c(u) + 5*n(u). Let j be q(1). What are the prime factors of j/4 - -61*(-6)/(-8)?
2, 23
Let t(k) = -k**2 + 33*k + 14. Let i be (-20)/(0 + 5)*-4. List the prime factors of t(i).
2, 11, 13
Suppose -27 = -5*p + 13. Let q(d) = 35*d + 60. Let m(u) = 23*u + 40. Let y(i) = p*m(i) - 5*q(i). List the prime factors of y(8).
2, 23
Suppose -326*n + 627017 + 2229395 = 0. List the prime factors of n.
2, 13, 337
Suppose 1966 = 5*c - l, -13*l + 17*l + 378 = c. Let d = c + 395. List the prime factors of d.
3, 263
Let b(d) = 229*d**2 + 128*d + 32. List the prime factors of b(-6).
2, 1877
Let k(d) = 3*d + 52. Let n be k(7). Suppose 2*p - 2*x + x - 238 = 0, -4*p + x = -472. Let g = p - n. List the prime factors of g.
2, 11
Let k(u) = 15*u**2 + 12*u + 109. What are the prime factors of k(18)?
5, 17, 61
Suppose 21 = 11*l - 45. What are the prime factors of -3 - ((-1132)/l - 16/48)?
2, 3, 31
Let a = 3054 + -1142. Let m = a + -967. Suppose -8*d + d + m = 0. List the prime factors of d.
3, 5
Let x(m) = -33*m + 102. Let t be x(3). Suppose 13*j - 17*j = 0, -2*a + t*j = -730. What are the prime factors of a?
5, 73
Suppose -3344 = 8*y - 27*y. List the prime factors of y.
2, 11
Suppose -110*g + 3340719 - 822413 = -12*g. List the prime factors of g.
7, 3671
Let i(a) = 29*a - 141. Let p be i(5). Suppose 0 = -p*h - 4*v + 5804, 5672 = 5*h - 3*v - 1551. List the prime factors of h.
1447
Suppose -4*h = -3*h - 2240. Suppose 49*q - 14*q - h = 0. List the prime factors of q.
2
Let x(o) = 2*o + 64. Suppose -12*t = -11*t. Let q be x(t). Suppose -3*g = -q - 65. What are the prime factors of g?
43
Suppose -55888 + 154720 = 119*n + 94*n. List the prime factors of n.
2, 29
Let m(l) = 6042*l**2 + 40*l + 39. List the prime factors of m(-1).
7, 863
Suppose -19*n - 313646 = 22*n - 1449264. What are the prime factors of n?
2, 11, 1259
What are the prime factors of (-9 - 175/(-20))*(-199672)/22?
2269
Let t = 34656 + -23981. What are the prime factors of t?
5, 7, 61
Let g(d) = -2*d - 15. Let a be g(11). List the prime factors of (-247)/(-3) + a/111.
2, 41
Let o be (1 + 665)*(-504)/(-48). Suppose 11*h - 2*h = o. List the prime factors of h.
3, 7, 37
Suppose -2*y - 4*v + 22 = 0, 7*y - 71 = 2*y - 2*v. Suppose -4*c = 4*a + 431 - 39, -5*c = -y. Let j = a - -108. List the prime factors of j.
7
Let j = -224 - -156. Let q = 70 + j. Suppose 65 + 231 = q*s. What are the prime factors of s?
2, 37
Let d be 29 + (-4 - 0)*1. Suppose -z - n + 83 = 0, z + 5*n - d = 38. Let b = -5 + z. What are the prime factors of b?
83
Let i = 28 + -19. Suppose 0 = 3*n + i, -361 = -2*m + n - 0*n. What are the prime factors of m?
179
Suppose -2*h - 380 - 173 = -k, -5*k + 5*h + 2745 = 0. Let m = 2201 - k. List the prime factors of m.
2, 3, 23
Let s(r) = 1908*r**3 + 7*r**2 + 3*r - 5. List the prime factors of s(2).
41, 373
Let a = -1 - -3. Suppose -4*f - 32 = -36. List the prime factors of -51*(a + -3)*1*f.
3, 17
Let v be (-1)/((-5)/(-10)) + 0 + 2. Let x be 2 + (v - -1 - 0/14). Suppose -2*n = 3*k - 72, x*k + 138 = 2*n + n. What are the prime factors of n?
2, 3, 7
Let h = 45811 - 23701. Suppose 52*v + h = 85*v. List the prime factors of v.
2, 5, 67
Let s = 309 - 1139. List the prime factors of -22*s/80 - (-1)/(-4).
2, 3, 19
Let x(u) = u - 174. Let j(d) = -2*d + 346. Let n(k) = 6*j(k) + 11*x(k). What are the prime factors of n(0)?
2, 3
Let y(b) = 750*b**2 - 104*b - 595. What are the prime factors of y(-6)?
151, 179
Suppose -2*l + 7*l - 3*f - 16 = 0, 3*f = -2*l - 2. Suppose 78 = -l*n + 1940. Suppose 6*b = n + 359. What are the prime factors of b?
5, 43
Suppose -2*g - 94 = 3*x + x, -88 = 4*x + 4*g. List the prime factors of (x/(-50))/((-2)/(-892)).
223
Let v = 71 + 1799. Suppose 5*h = -5*o - 0*h + v, 379 = o + 2*h. List the prime factors of o.
3, 41
Suppose 35*t = 84*t - 4614 - 31744. List the prime factors of t.
2, 7, 53
Suppose 97116 = 24*c - 1481086 + 184594. List the prime factors of c.
58067
Let j(p) = 40*p**2 + 4*p - 13. List the prime factors of j(14).
7883
Suppose 0 = 5*c - 6*c - 202. Let s = 317 + c. Let g = 29 + s. List the prime factors of g.
2, 3
Let v be (3 + -2)/((-2)/(-346)). Suppose z = 5*s - v - 88, 2*s - 106 = 2*z. What are the prime factors of s?
2, 13
Let m = 22570 + -13775. What are the prime factors of m?
5, 1759
Let q be (-566)/10 - (-6)/(-15). Suppose -3530 = -22*s - 1418. Let n = s + q. List the prime factors of n.
3, 13
Suppose 0 = -j - 5, -5*j - 20 = -2*a + 15. What are the prime factors of 238 - (6 - (a - 0))?
3, 79
List the prime factors of 4053819/660 - 6/40.
2, 37, 83
Suppose -1308*s + 45927 = -1299*s. Suppose 8*w - s = 2169. What are the prime factors of w?
3, 101
Suppose 0 = -n + 3*m + 18, 3*n + 0*m = 5*m + 34. Let q(l) = -4 - 3*l + 12*l**3 - n*l**3 - 5*l**3 + l. What are the prime factors of q(3)?
2, 7
Let p(h) = h**3 - 3*h**2 - 5*h + 4. Let d be p(4). Suppose d*v = 4*v - 4. List the prime factors of (3 - v)/((-2)/(-74)).
2, 37
Let x(c) = 7*c**2 - 15*c + 8. Let s(p) = 5*p**2 - 3*p - 2. Let l be s(-1). List the prime factors of x(l).
2, 5, 17
Suppose 0 = 9*v - v - 4480. Let s = 872 - v. What are the prime factors of s?
2, 3, 13
Let w be (-25)/((-177)/18 + 9). List the prime factors of ((-1135 - w)/(0 - 1))/1.
5, 233
Let m = 109 - 109. List the prime factors of 290*(m + 10/(-4) + 5).
5, 29
Suppose 0 = m - 3*q - 2846 - 1987, 0 = -3*q + 12. List the prime factors of m.
3, 5, 17, 19
Suppose 4825 = -169*c + 174*c. Let x = c + -722. What are the prime factors of x?
3
List the prime factors of 29056 + 6 + 15 + -23.
2, 73, 199
Suppose -161*z + 252 = -147*z. Let k(y) = -4*y**2 + 48*y + 17. Let p(i) = -2*i**2 + 24*i + 9. Let t(x) = 2*k(x) - 5*p(x). List the prime factors of t(z).
5, 41
Suppose 8 = 4*w, 5*i = -3*w - 642 + 58. Let g = -598 + 789. Let n = i + g. What are the prime factors of n?
73
Suppose -8*m + 133005 = 3231 + 5190. List the prime factors of m.
3, 29, 179
Suppose -15*d + 4*d = -47861. List the prime factors of d.
19, 229
Suppose 0*a + 45 = 5*a + 4*l, -4*l = 3*a - 35. Suppose 0 = a*y - 9 - 6, -1403 = -b - 5*y. List the prime factors of 2/(-3) - b/(-12).
5, 23
Suppose f + 914 + 318 = 0. Let n = f + 2124. List the prime factors of n.
2, 223
Suppose 5*m - 157535 = -3*b, 13*b = -4*m + 17*b + 126060. What are the prime factors of m?
2, 5, 23, 137
Suppose 4*j - 32 = -104. List the prime factors of (-6196)/j + ((-156)/(-27) - 6).
2, 43
Suppose -2*n + 8 = -2*p, 2*n + 0*p - 1 = -5*p. Suppose 0 = a + 5*v - 0*v - 11, -57 = -n*a - 3*v. What are the prime factors of ((-7)/(a/(-4)) - 2)*-6?
2
Suppose -3*q + 6 = -3. Let g = -1963 + 1965. Suppose -g*v - q*a = 40 - 520, v + 3*a = 240. List the prime factors of v.
2, 3, 5
Suppose 2*l = 4*s - 1194, 5*l - 5*s + 2748 + 222 = 0. Let a = 1256 + l. Suppose x = -2*m + 521, 5*m - 640 = -3*x + a. List the prime factors of m.
2, 3, 43
Suppose 3*g - 979 = -3*u + 7013, 0 = -4*u + g + 10681. Suppose -4*d + 1334 = 2*i - 1314, 3*d = 2*i - u. What are the prime factors of i?
2, 5, 7, 19
Let w(j) = -2*j + 37. Let p be w(23). Let r be (-3)/p + (-3100)/(-15). Let o = 321 - r. List the prime factors of o.
2, 3, 19
Let p(b) be the first derivative of 7*b**3/3 - 3*b**2 + 23*b + 25. What are the prime factors of p(5)?
2, 3, 7
Let p(a) = -6*a - 27. Let t be p(-13). List the prime factors of -2 + ((-326)/(-3) - 34/t).
2, 53
Let g(u) = -2377*u - 42. What are the prime factors of g(-2)?
2, 19, 31
Let l be ((-8)/(-22))/(-2) - (-26)/143. Suppose 9*g - 687 - 312 = l. What are the prime factors of g?
3, 37
Suppose 30 - 78 = -3*s. Let y(q) = q**2 + s*q - 7*q - 12*q - 10*q + 34. List the pri